m?
2
Let u(c) = c + 14. Let m be u(0). Let a(p) = -2*p - p + 0*p + p - m. What is the units digit of a(-11)?
8
Let l = -416 + 785. What is the hundreds digit of l?
3
Let g = 25 + 11. What is the units digit of g?
6
Let n(p) = -p**3 - 2*p**2 - 2*p - 2. Let f be n(-3). Suppose -3*o - 22 = 2. Let t = o + f. What is the units digit of t?
5
Let l = 20 + -16. Suppose -2*d - 64 = -l*d. What is the units digit of d?
2
Let f(z) = -5*z - 12. What is the units digit of f(-14)?
8
Let b(k) = -3*k**3 - 6*k**2 - k - 3. What is the units digit of b(-4)?
7
Let u be -1 + (1 - 1) - -28. Let n = -15 + u. Suppose 5*q - 3*q - n = 0. What is the units digit of q?
6
Suppose 0 = -h - 5 - 8. Let l = -2 + h. What is the units digit of ((-6)/l)/((-1)/(-5))?
2
Let m(x) be the second derivative of x**4/12 - 3*x**3/2 - 7*x**2/2 + x. What is the units digit of m(10)?
3
Let l(u) = -u - 10. Let w be l(-10). Suppose -3*v - 27 + 126 = w. What is the tens digit of v?
3
Let s(k) = 2*k - 2. Let u be s(3). Suppose 3*a = -3*g, 5 = 2*a - 4*a - g. What is the units digit of -1 + u + a/(-5)?
4
What is the tens digit of (-69 + 22)/((-2)/4)?
9
Let z = -1 + 1. Let k = 5 + -2. Suppose 3*v + 4*h - k*h - 8 = 0, v + 3*h - 8 = z. What is the units digit of v?
2
Let z = -25 + 33. What is the units digit of z?
8
Let g = -10 - -16. What is the units digit of g?
6
Let r(z) = 2*z**2 + 3*z - 3. What is the units digit of r(4)?
1
Suppose 0 = 5*b + 3*j - 58 - 9, b - 2*j = 16. Let l = b + -5. What is the units digit of l?
9
Suppose 2*l = -l - 15. Let y(v) = -2*v - 2. What is the units digit of y(l)?
8
Suppose 14 = 4*q - 14. Let u(t) = -t**2 + 10*t - 7. Let n be u(q). Let l = -2 + n. What is the units digit of l?
2
Suppose -2*n + 2 = 0, 4*j - 30 = 4*n + 66. What is the units digit of j?
5
Let o(r) = -r + 2. Suppose -2*j + 3 - 15 = 0. Let m(b) = -b**3 - 6*b**2 + 2*b + 3. Let a be m(j). What is the units digit of o(a)?
1
Let z(r) = -r**3 + 2*r**2 + 3*r + 2. Let k be (-4)/(-8) - (-10)/4. Let l be z(k). Let s = l + -1. What is the units digit of s?
1
Suppose -14 = 4*d - 38. Let y = 5 + -9. What is the units digit of (20/(-15))/(y/d)?
2
Let s = 486 + -267. What is the hundreds digit of s?
2
Suppose 0 = -3*t + 12 + 6. Let d(i) = 2*i + 8. What is the units digit of d(t)?
0
Let h = -1 + 2. Let q be -9*(h + 8/(-6)). What is the units digit of q/((-9)/6)*-4?
8
Let z = -3 + 4. Let y(u) = 14*u**2 - 2*u - 1. Let d be y(-1). What is the units digit of (1/z)/(3/d)?
5
Suppose -4*f - 30 = -0*j + 2*j, 2*f + 4*j = -24. What is the units digit of 1*38 + f/2?
5
Suppose 3*y - 2*y - 57 = 0. What is the tens digit of y/2*16/24?
1
Suppose -5*d + 13*d - 1080 = 0. What is the tens digit of d?
3
Suppose 0 = 2*n - 5*n + 45. Let q = -6 + n. What is the units digit of q?
9
Suppose -g - 2*g + 36 = 0. Let t = g + -3. What is the units digit of t?
9
Suppose j = -0*j + n + 185, -5*j + 2*n + 922 = 0. What is the hundreds digit of j?
1
Let b(v) = 18*v - 9. What is the units digit of b(4)?
3
Suppose 44 = 4*w - 5*i, -w - 2*i + 11 = i. Let h be 64/w - (-4)/22. What is the units digit of (h - 7)/(-1 + 0)?
1
Suppose 0 = i - 19 - 4. What is the units digit of i?
3
Let m(z) = -3*z**3 - 4*z**2 - 3*z - 2. What is the tens digit of m(-2)?
1
What is the units digit of 2/11 + (0 - (-3420)/66)?
2
Let o(g) = -13*g - 49. What is the hundreds digit of o(-14)?
1
Let o(l) be the second derivative of -l**5/20 - l**4/4 + l**3/6 - 3*l**2/2 + 2*l. Let x be o(-3). Let s(q) = -2*q + 5. What is the tens digit of s(x)?
1
Suppose 5*c - 5 = -0*c. What is the units digit of (28/(-6))/(c/(-3))?
4
What is the tens digit of 67/1 - (-5 - -5)?
6
Let y(k) = -k**3 + 9*k**2 - 6*k - 11. Let u be y(8). Let m(r) = r - 4. What is the units digit of m(u)?
1
Let t(c) be the first derivative of 2*c + 3 - 7/2*c**2 + 1/3*c**3. What is the units digit of t(8)?
0
Let n = 32 + -15. Let p = -13 + n. What is the units digit of p?
4
Let b = -1 - -40. What is the units digit of b?
9
Let k be (-12)/(-7)*21/6. Let w = 7 - k. What is the units digit of w?
1
Let n(z) = z**3 + 4*z + 0*z**2 + 5*z**2 + z**2 - 5. Let x be n(-5). Suppose x*i - 45 = -5*i. What is the units digit of i?
9
Suppose -5*d + d = -24. Suppose -48 = 2*f - d*f. What is the tens digit of f?
1
Suppose 0*k - 468 = -4*k. What is the tens digit of k?
1
Let z = 41 - 25. What is the tens digit of z?
1
Suppose 0 = 11*o - 15*o. Suppose -w + 2*j + j + 6 = o, -2 = w - 5*j. What is the units digit of w?
8
Let t = -6 - -11. Suppose 5*z + 0*z - 400 = -t*n, z - 2*n - 68 = 0. Suppose -z + 28 = -4*r. What is the units digit of r?
2
Suppose 0 = 2*c + 3*j + 11, 0*j + j + 20 = -3*c. Let w(l) = -l**2 - 10*l - 5. What is the tens digit of w(c)?
1
Let u be 1/(-3)*(-4 - -4). Let y(k) = 2*k**3 - 2*k**2 - 2. Let p be y(2). Suppose -t - 2*z = -3*z - 5, -3*z - p = u. What is the units digit of t?
3
Let r = -9 + 3. Let f(t) = -3*t**3 - t + 1. Let d be f(1). Let b = d - r. What is the units digit of b?
3
Suppose 2*g - 2 = 4*g. What is the units digit of g/((-1)/23)*1?
3
Let s(t) = -46*t**3 + t. What is the tens digit of s(-1)?
4
Suppose -5*s + 2*l = 6, 5*l - 15 = -2*s + s. Suppose -42 + 32 = -5*x. Suppose -x*n + 4*n - 20 = s. What is the units digit of n?
0
Let f be (-3 - 0 - -2)*-13. Let t = f - 4. What is the units digit of t?
9
Let t(q) = -q + 18. Let l be t(13). Suppose 0 = l*r - 115 + 15. What is the tens digit of r?
2
Suppose 5*u - 2*o - 95 - 43 = 0, -5*u + 142 = 2*o. What is the tens digit of u?
2
Let p = 3 + -1. Suppose 5*u = -p*v - 0*u - 37, 0 = -5*v + 3*u - 15. Let r = v + 14. What is the units digit of r?
8
Let m(r) = r**3 - r**2 - r + 2. Let a be m(0). Suppose 10 = u - a*u. Let v = u + 16. What is the units digit of v?
6
Suppose l + 3*o - 51 = 0, 0 = 3*l + 2*l - 5*o - 215. What is the tens digit of l?
4
Let i be (-63)/(-4) - (-1)/4. Suppose 11*l + 10 = i*l. What is the units digit of l?
2
Let p be 1*(-4)/8*-4. Suppose -2 = p*a, 35 = -4*y - 2*a + 125. What is the units digit of y?
3
Let p(a) = a**3 - 4*a**2 + 8*a - 5. Let c be p(5). Suppose c = 4*w + w. Suppose m + 3*m = w. What is the units digit of m?
3
Suppose -3*o + 0*s - s = -495, 0 = 5*o + 2*s - 824. What is the units digit of o?
6
Suppose 31 = y + f, -4*y + 32 = -4*f - 108. Suppose 4*r = 3*o + y, -2*r - 3*o + 2*o = -19. What is the units digit of r?
9
Suppose -7*x - 8 = d - 5*x, 3*x = -9. What is the tens digit of 424/36 + d/(-9)?
1
Suppose -2*o - 5*a - 2 = -0*o, 4*a - 4 = -3*o. Suppose 4*b - 12 = -o. Suppose -4*r + n = 6*n - 61, 5*n = b*r + 7. What is the units digit of r?
9
Suppose -56 + 4 = -2*u. Let z = 27 - u. What is the units digit of z?
1
Suppose 51 = 2*b - 4*o - 17, -2*b + 68 = o. What is the tens digit of b?
3
Let n be (-5 + 3)/(2/(-8)). Let j(q) = -q**3 + 8*q**2 - q + 6. Let u be j(n). What is the units digit of ((-1)/u*4)/2?
1
Suppose 5 + 35 = a - 3*i, 4*a + 2*i - 202 = 0. Suppose 3*b - 65 = a. What is the units digit of b?
8
Let v(m) = m**2 - m + 1. Let o(n) = -3*n**2 + 3*n - 15. Let j(i) = -o(i) - 4*v(i). Let l = -1 + 1. What is the units digit of j(l)?
1
Let b be 3/(4/(8/(-3))). What is the tens digit of 34*b/(-4) + -1?
1
Let i(h) = -h**3 - 12*h**2 - 6*h - 31. What is the hundreds digit of i(-13)?
2
Suppose -2*s - 3*z = -0*s + 13, -3*s + 6 = -4*z. What is the units digit of ((-1)/s)/((-1)/(-2))?
1
Let j(q) = -q**3 + 2*q**2 - q - 1. Let t be j(2). What is the tens digit of (-1)/t + (-1260)/(-27)?
4
What is the tens digit of (10/4)/((-10)/(-340))?
8
What is the units digit of (26/6)/(4/72)?
8
Let q = 19 - 16. Suppose 0 = -q*r + 56 + 79. What is the units digit of r?
5
Suppose 2*s - 6*s + 12 = 0. What is the units digit of s?
3
Let p be 4/14 + (-2)/7. Suppose p*h - 16 = -2*h. What is the units digit of h?
8
Let f(d) = -17*d**3 + d**2 - d - 1. Let c be f(-1). Let s = c + -12. Suppose s + 1 = n. What is the units digit of n?
7
Suppose -140 = 5*q - 35. Let l = 38 + q. What is the units digit of l?
7
Let i(p) = p**3 - p + 2. Let x be i(0). Suppose -2*z = x*o, 2*z = 5*z + o. Suppose 4*s - 1 - 11 = z. What is the units digit of s?
3
Let m(v) = -v**3 + 7*v**2 - v + 9. Let c be m(7). What is the units digit of 39/c - (-21)/(-14)?
8
Suppose -3*h + 385 = 2*h. What is the tens digit of h?
7
Suppose 0 = -h + 3*h - 5*z - 273, -z + 535 = 4*h. What is the units digit of h?
4
Let x(w) be t